- 3*p**3/2 - 2271*p**2. What are the prime factors of h(v)?
3, 13
Let w = 49 + -29. Suppose 2*z = i + 987, 23*z + 3*i = w*z + 1485. What are the prime factors of z?
2, 13, 19
Suppose 17*h = -296*h + 5698165. What are the prime factors of h?
5, 11, 331
Let q = 3 - 0. Suppose -3*f - 5*n = -1098, -f + q*n - 7*n = -366. List the prime factors of f.
2, 3, 61
Let p(s) = 2*s**2 - 2*s - 2. Let x be p(-2). Suppose 3*b - 4*u + 18 = 0, -2*b - x - 2 = 3*u. What are the prime factors of 28/(-42) + (-166)/b?
3
Let r(i) be the second derivative of 53*i**3/6 - 24*i**2 + 16*i + 3. List the prime factors of r(9).
3, 11, 13
Let o = 17 - 16. Let r = o - 5. Let w(f) = -3*f + 7. What are the prime factors of w(r)?
19
Suppose -w = w - 3*z - 105, 4*w + z = 217. Let j = 153 - w. Suppose -j = 3*l - 4*l. List the prime factors of l.
3, 11
List the prime factors of 4 - (-124)/(-28) - 19582/(-7).
2797
Let o be (39/3)/((-3)/(-15)). Suppose -7200 = -o*j + 57*j. List the prime factors of j.
2, 3, 5
Let h(b) = -5*b**3 - 3*b + 3. Let u be h(1). Let m(v) = -67*v + 46*v + 5*v**2 + 6 + 0*v**2. What are the prime factors of m(u)?
2, 59
Let k(d) be the first derivative of d**3 - 29*d**2/2 - 2*d + 14. Let v be k(13). List the prime factors of v/1 - (-22 + 24).
2, 3, 7
Suppose 36452 = 21*l + 229694. List the prime factors of (-49)/392 - l/16.
5, 23
Let y = 24719 - 16757. List the prime factors of y.
2, 3, 1327
Suppose 4*m - 5*z - 470 = 2*m, z - 4 = 0. Suppose 5*v = 2 + 308. Suppose 3*g - m = -v. List the prime factors of g.
61
Let n(h) = 349*h**3 - h**2. Suppose i - 3*k = 4, -i - 3*k = -0*i + 2. What are the prime factors of n(i)?
2, 3, 29
Let v(r) be the third derivative of 28*r**2 + 1/12*r**4 + 13/3*r**3 + 0 + 0*r. List the prime factors of v(0).
2, 13
Let j = -596 + 9611. List the prime factors of j.
3, 5, 601
Suppose -2*i + 39 + 29 = 4*b, 5*i - 4*b = 128. Let o be (-3)/(-4) + ((-2107)/i)/7. Let x(y) = -16*y. List the prime factors of x(o).
2, 5
Let c be (-8)/6*351/(-156). Suppose -6*j + j = c*w - 1109, 383 = w - 5*j. What are the prime factors of w?
373
Let m = -47 + 3. Let g = 53 - m. List the prime factors of g.
97
Let q(u) = 63*u - 112. Let d be q(6). Let k = 567 - d. List the prime factors of k.
7, 43
Suppose -54834 = -33*u + 14253 + 56346. List the prime factors of u.
3, 7, 181
Suppose -2*o - 3*s = -5*o + 1392, 4*o + 4*s = 1864. Suppose -3*d = -2*g + o, -6*d - 225 = -g - 3*d. What are the prime factors of g?
2, 3, 5
Suppose 4*j + 4*l - 109244 = 0, -3*j + 81933 = -12*l + 7*l. What are the prime factors of j?
31, 881
Suppose 68280 = -13*g + 256195. List the prime factors of g.
5, 7, 59
Let b = 5835 + -3840. List the prime factors of b.
3, 5, 7, 19
Suppose 80 + 25 = -3*a. Let h = a - -35. Suppose h = d - 35 + 9. List the prime factors of d.
2, 13
Suppose 8*d = 3*d + 3*y + 96, 5*y - 62 = -4*d. Let c be (15/d*3*2)/1. Suppose -v = c, 0 = -3*h + 2*v - 4*v + 362. What are the prime factors of h?
2, 31
Let y(i) be the third derivative of i**6/120 + i**5/12 - i**4/24 + i**3/2 + 7*i**2. Let c be y(-4). What are the prime factors of (15 - c)/((-4)/42)?
2, 3, 7
Let q = -17405 + 29026. What are the prime factors of q?
11621
Let z(j) = 336*j - 1811. List the prime factors of z(102).
11, 13, 227
Suppose 0 = 44*z - 62*z + 161280. List the prime factors of z.
2, 5, 7
Suppose 16*b - 246 = -6. Suppose 0 = 3*u + b, -152 = -h - 5*u + 173. List the prime factors of h.
2, 5, 7
Let j(s) = -23 + 10*s - 23 + 41 - 3*s**2. Let h be j(4). Let o(b) = -6*b - 42. List the prime factors of o(h).
2, 3
Suppose 10 = 2*p, 9 = -5*j - 5*p - 6. Let c be (j/(-7))/((-6)/(-21)). Suppose 2*b + 12 = -2*b, 156 = 3*m + c*b. What are the prime factors of m?
2, 7
Let b = -302 - -652. Let q = 8259 + -8421. Let l = q + b. What are the prime factors of l?
2, 47
Let g(p) = -1107*p + 284. What are the prime factors of g(-6)?
2, 3463
Let c(x) = -x**2 + 26*x - 30. Let d(r) be the first derivative of -5*r**2 - 14*r + 5. Let a be d(-3). List the prime factors of c(a).
2, 5, 13
Let i(q) = -2*q**3 + q**2 + 3*q - 3. Let o be i(1). Let a be o/2*0/(-6 + 5). Suppose a = -3*n + 15*n - 2100. What are the prime factors of n?
5, 7
Let j be 25/(-10)*3124/(-55). Suppose 5*p - j = 723. List the prime factors of p.
173
Let m(g) = g**3 + 5*g**2 + 4*g + 6. Let f be m(-4). Suppose 4632 = f*o + 6*o. Suppose 6*j = 4 + o. What are the prime factors of j?
5, 13
Suppose s - 56 = -2*x - 9, -s + x = -62. Suppose -s*j + 56*j = -153. List the prime factors of j.
3, 17
Let n(o) = -13*o**2 - o - 5. Let a be n(4). Let w = -67 - a. Suppose -6*b + 396 = -b - 2*u, 2*u - w = -2*b. List the prime factors of b.
2, 3, 13
Let m(y) = 4*y**2 + 5. Let i be m(6). Suppose -4*q = 3 + 1, -4*v + i = -q. What are the prime factors of 0 + -2 + v + -2?
3, 11
Let t(v) = 607*v + 139. What are the prime factors of t(6)?
19, 199
Suppose g - 3*b - 1129 = 0, 3*b = 4*g - 6278 + 1798. What are the prime factors of g?
1117
Let s = -2986 + 5590. What are the prime factors of s?
2, 3, 7, 31
Let j be ((-26)/8)/(21/12 + -2). Let c = -9 + j. Suppose 3*g + 2 = 2*y + 154, -128 = -3*g - c*y. What are the prime factors of g?
2, 3
Let n = 2 - -2. Suppose 0 = -n*p + 622 + 3778. Suppose 6*c = c + p. What are the prime factors of c?
2, 5, 11
Suppose -5*q - 3*y + 104 = 0, 0 = 4*q + 2*y - 7*y - 98. Let m(x) = x**3 - 19*x**2 - 39*x + 8. List the prime factors of m(q).
2, 7, 43
Let i(a) = 11*a + 21. Let v be i(-4). Let q(b) = -b**2 - 25*b + 38. What are the prime factors of q(v)?
2, 3, 7
Let a be 2/(-4) + 294/12. Suppose a*u - 19*u - 2075 = 0. What are the prime factors of u?
5, 83
Let q = 1016 + 2794. List the prime factors of q.
2, 3, 5, 127
Suppose 78*t - 193474 = 186112 + 134122. What are the prime factors of t?
2, 37, 89
Let d be (2 - 5/15)*3. Suppose 16 = d*c - 4. Let g(s) = -s**2 + 6*s - 4. List the prime factors of g(c).
2
Let g be 6/(-6) + 463 - -1. Let x = -129 + g. What are the prime factors of x?
2, 167
Let g be (-3)/(((-2)/6)/(1/(-3))). What are the prime factors of -1*(g/3 - 478)?
479
Let s(q) be the third derivative of q**6/120 - q**5/15 + q**4/3 + 11*q**3/6 + 1920*q**2. Let f(r) = -2*r + 2. Let j be f(-2). List the prime factors of s(j).
131
Let z(j) = j**3 - 11*j**2 - 13*j + 15. Let n be z(12). Suppose -49*y + 48*y = -n. Suppose -3*i + 12 = l - 68, 6 = -y*i. What are the prime factors of l?
2, 43
Let j = -18104 + 39566. What are the prime factors of j?
2, 3, 7, 73
Let p be 1/2 + (-45)/18. List the prime factors of (42816/56)/4 - p/(-14).
191
Suppose 27*k + 31*k - 720755 = 432981. List the prime factors of k.
2, 4973
Let o = -7023 - -9226. What are the prime factors of o?
2203
What are the prime factors of (-538092)/(-288) - (1 + 20/(-32))?
2, 467
Let a be 2 + 0 + (1 - 0)*-2. Suppose f - 9 - 7 = a. List the prime factors of f.
2
Suppose 0 = -4*j + z - 1965, -1725 - 735 = 5*j - 2*z. What are the prime factors of ((-18942)/j - 1/(-7))*10?
2, 97
Suppose 3*w + 3*t - 22844 - 53812 = 0, 5*t = 4*w - 102190. What are the prime factors of w?
2, 5, 7, 73
Suppose -3*k + 134633 = -w, -7*k - 134593 = -10*k - 4*w. List the prime factors of k.
5, 359
Let h(i) = -i**2 + 9*i + 16. Let n be h(10). Let l = 8 - n. Suppose -5*g = -4*z - 9, -l*g - 2*z = -1 - 17. List the prime factors of g.
5
Let s be (0 + -89)*(-4 + 1). Let k be 5 + -190 - (4 + -6 + 7). Let r = s + k. What are the prime factors of r?
7, 11
Let v(f) = 19*f - 61. Let q be v(4). List the prime factors of (-109988)/(-93) - q/9.
1181
Let n(j) = -94*j + 86. Let c be n(10). Let q = 2529 + c. List the prime factors of q.
5, 67
Let d(z) = -14*z + 84. Let i be d(6). Suppose -6*n + 2*n + 2600 = i. List the prime factors of n.
2, 5, 13
Suppose 67*f - 258602 = -19*f. What are the prime factors of f?
31, 97
Let y(z) = -2*z**3 + 30*z**2 - 18*z + 56. Let k be y(13). Suppose 11*o + k = 1983. List the prime factors of o.
3, 5
Suppose 3*m = 2*q - 21, 3*q - 5 = -m - 23. Let t(r) = r**3 + 15*r**2 - 7*r - 48. What are the prime factors of t(m)?
3, 167
Let x be ((-3)/(3/(-2)))/(4/10). Suppose 0 = 4*u - 3*l + 75, 4*l - l + 114 = -x*u. List the prime factors of 3296/28 - 6/u.
2, 59
Suppose 0 = -2*f + w + 32, -w + 48 = 3*f - 5. Suppose 5*l = -4*y - 0*y + 28, 5*l - 30 = -5*y. Suppose -629 = -l*s - f. List the prime factors of s.
3, 17
Let t(v) = 550*v + 26. Let b b